 4*b + 49 = 37. Calculate the greatest common divisor of r and 8.
8
Suppose 0 = 23*k - 137 - 323. What is the greatest common divisor of k and 820?
20
Let v = 189 - 188. Calculate the greatest common factor of v and 19.
1
Let q(s) be the first derivative of -s**3/3 + 3*s**2 + 2*s + 27. Let z be q(3). Calculate the highest common factor of 121 and z.
11
Let r = 47 - 42. Suppose 0 = -i - r*z + 105, 0 = 5*i - z - 526 + 53. Calculate the greatest common divisor of i and 57.
19
Suppose -2 = -m, 4*m - 7*m - 84 = -5*y. Calculate the greatest common divisor of y and 18.
18
Suppose -2*c + 80 = 2*z + 34, -c = -3*z - 23. Suppose -105 = -28*r + c*r. Calculate the highest common factor of 168 and r.
21
Let t = 1 - -17. Suppose -9 = -3*m + 27. What is the highest common factor of m and t?
6
Suppose -36*b - 484 = -24*b - 1828. Let i be (1 - 0)*(-42)/(-3). Calculate the highest common divisor of i and b.
14
Suppose 3*d = d + 6. Suppose -6*v + 14 = h - 2*v, -d*h = 3*v - 24. Calculate the highest common factor of 42 and h.
6
Let u(z) = -2*z**2 + 9*z + 5. Let b be u(-5). Let c = -77 - b. What is the highest common factor of c and 13?
13
Suppose 3*z + 2*h - 423 = 0, 3*z - 417 = -3*h - h. Calculate the highest common divisor of 117 and z.
13
Suppose 15 = 5*b, -z = -5*z - 5*b + 39. Suppose -4*w - s + 6 = -5, -2 = 2*s. Let j be -1 - -30 - w/(-3). What is the greatest common factor of z and j?
6
Let j = 117 + -151. Let q = j + 78. Calculate the highest common factor of q and 44.
44
Let g(b) = -24*b**3 + 2*b**2 + 6*b. Let v be g(-3). Suppose -v = 8*u - 14*u. What is the greatest common divisor of 162 and u?
54
Let t be -26 - 1*(-1 - -4). Let f = t + 49. Let k be (0 - -2)/((-3)/(-45)). What is the greatest common divisor of k and f?
10
Suppose 0 = -4*v + 6*v. Suppose -2*x - 2*y + 134 = v, -35 = -x + y + 22. What is the highest common factor of 93 and x?
31
Let o(h) = -8*h - 54. Let m be o(-9). Suppose -860 = -2*u - m*u. Calculate the greatest common divisor of u and 86.
43
Let n(t) = 4*t**2 - 11*t - 134. Let m be n(-8). Calculate the greatest common factor of 7 and m.
7
Suppose 3*n + 158 = -763. Let m = n + 442. Let g be 1 - (-15 - -2) - -1. Calculate the highest common divisor of m and g.
15
Suppose 0 = 4*a - 4*j + 116, -5*j + 91 = -4*a - 28. Let z = a - -29. Suppose 40 = z*o - o. What is the highest common divisor of o and 10?
10
Let v be ((-3751)/124)/(1/(-40)). What is the greatest common divisor of v and 165?
55
Let d be (-459)/(-7) - 834/(-1946). Suppose 49 = 5*o - 171. Calculate the greatest common factor of o and d.
22
Let y = -95 - -164. Suppose -5*p - 32 = -3*f, -3*f + 16 = -2*f - 3*p. Suppose 219 = f*i - y. Calculate the highest common factor of 24 and i.
24
Suppose 2*r = -5*c + 577, 5*c = -3*r + 196 + 677. What is the highest common divisor of 37 and r?
37
Let d(n) = -18*n + 4. Let x be d(-5). What is the highest common divisor of 2 and x?
2
Suppose 4*m = 2*l + 210, -4*m - 3*l + 222 = -l. Calculate the greatest common divisor of m and 135.
27
Let l(o) = o**2 + 2*o + 1. Let y be l(5). Let n(b) = -15 + 2 + b**2 + 4 + 2. Let c be n(-5). Calculate the greatest common factor of c and y.
18
Let i be (0 + -36)*(21/9 + -3). Let x(y) be the first derivative of y**3/3 - 3*y**2 + 8*y + 3. Let t be x(6). What is the greatest common divisor of t and i?
8
Let y = -3 - -10. Suppose 2 = -p - 2*m, -2*p + 4 + y = -m. What is the greatest common divisor of 12 and p?
4
Suppose 0 = 4*r - 3*q - 7169, -39*q + 41*q + 8963 = 5*r. Calculate the highest common factor of r and 22.
11
Suppose 6*p - 768 + 504 = 0. Let f(y) = y + 4. Let w be f(-4). Let m = 11 + w. Calculate the greatest common divisor of m and p.
11
Suppose 26 = 2*n - 4*v - 0, -2*n - 2*v = -14. Let f(z) = z**2 - 5*z - 19. Let w be f(n). Calculate the greatest common divisor of w and 34.
17
Let r be 381 + (-15)/(8 - 3). Suppose -y = 3*q + r, 2*q - 7*q + 1461 = -4*y. Let b = y - -521. What is the greatest common divisor of b and 19?
19
Suppose 8*b = 3*b + 5. Suppose -28*s + 207 = 151. Calculate the greatest common divisor of b and s.
1
Let f(q) = -q**3 + 16*q**2 + 22*q + 25. Let j be f(17). Let p = -88 + j. What is the highest common factor of p and 33?
11
Let r = 438 - 318. Let o be 6/(6*(-3)/(-60)). What is the greatest common factor of r and o?
20
Suppose -3*h + 5*c = -17, -c = 2*h + h - 11. Suppose -90 = -h*i - 2*i. Let o = 9 + i. Calculate the highest common factor of o and 16.
8
Let r(t) = 5*t**2 + 3*t + 3. Let x be r(-2). Let b be (5/(-20))/((-1)/136). Calculate the greatest common factor of x and b.
17
Let t = -6 + 50. Suppose 627*r - 231 = 606*r. What is the greatest common divisor of r and t?
11
Let w(z) = z**2 + z - 8. Let y be w(-5). What is the greatest common divisor of y and 24?
12
Let t(u) = -6*u + 51. Let o be t(-23). Let i(r) = -r**3 + 5*r**2 + 5*r + 2. Let z be i(5). Calculate the highest common divisor of z and o.
27
Let f be ((-1)/(-1))/(-7 + 4240/605). What is the greatest common factor of 11 and f?
11
Suppose -n - 3*j + 1 = 0, -7 = -2*n + 3*j - 4*j. Let b be n/(-10) + 520/50. Let i = b - 8. What is the greatest common divisor of i and 2?
2
Let n(h) = 6*h + 9. Let y be n(4). Let w be 9/((-45)/(-10)) - (-2 - 128). What is the greatest common factor of w and y?
33
Suppose -l + 43 + 5 = -2*j, 4*j = 4*l - 96. Let b = j - -15. Let y = 7 - b. What is the greatest common divisor of y and 80?
16
Let u be (-4)/(-6)*45/6. Let h = 7 - u. Let l be 1 + h/(-2)*-19. What is the highest common factor of l and 50?
10
Let o be -12*(40/(-15) - 5). Calculate the highest common factor of o and 161.
23
Let i(c) = -9*c - 45. Let w be i(-9). Suppose 0*f + f = 4. Calculate the highest common divisor of f and w.
4
Suppose 10 = -9*p + 28. Suppose 4*z - 231 = z - 2*r, 5*z + p*r = 385. Let u = 15 + -4. What is the highest common divisor of z and u?
11
Let t be (-8)/(-36) - (-129)/27. Suppose 2*w = -t*a - 63, 0 = 2*w - 6 + 4. Let l = -11 - a. Calculate the highest common factor of l and 10.
2
Suppose -3*f = -9, -5*f - 60 = 4*k - 9*f. Let x be (-72)/k*(-13)/(-3). Calculate the greatest common factor of x and 13.
13
Let g = 99 - 38. Suppose 0*m - m = -4*i - g, 3*i - 168 = -4*m. Calculate the highest common divisor of 9 and m.
9
Let l be ((-1024)/20)/((-4)/10). Calculate the greatest common factor of l and 288.
32
Suppose 5*p - 48 - 12 = 0. Suppose 10*j - 8*j = p. Calculate the highest common divisor of j and 54.
6
Let k(o) = 12*o**2 + 3*o. Let p be k(5). Let r(i) = -i**2 - 10*i + 245. Let u be r(-20). Calculate the highest common factor of u and p.
45
Let o(a) = -28*a - 558. Let q be o(-20). Suppose -3*p + 6 = -0*p. Calculate the greatest common factor of p and q.
2
Suppose -4*g + 22 = k, -4*k = -8*k - 5*g + 55. Calculate the greatest common factor of k and 35.
5
Suppose 1418 = 32*j - 2838. Calculate the greatest common divisor of 19 and j.
19
Let k(i) = i**2 - 11*i - 166. Let u be k(-14). What is the highest common divisor of 138 and u?
46
Let l(p) = p**2 - 13*p + 15. Let c be l(12). Suppose -13 + 67 = c*z. Let d = 42 - -12. Calculate the highest common divisor of d and z.
18
Let z(g) = -125*g + 14. Let h be z(6). Let p be 15/(-5)*(h/6)/2. Calculate the greatest common divisor of p and 46.
46
Suppose -4*m = -0*m. Let r be m/(-3)*1*-1. Suppose r = -5*w - 10 + 90. Calculate the greatest common factor of w and 16.
16
Suppose -9 = -2*b - n - 48, -3*n = -2*b - 27. Let h be ((-30)/4)/(b/(-48)*-2). Let g = 103 - 23. Calculate the greatest common factor of h and g.
10
Let t be 2 - 6 - (-10 - 2). Let w be ((-2)/(-4))/((-3)/(-144)). What is the greatest common divisor of w and t?
8
Let j be ((-6)/(-18))/((3 + -5)/(-24)). Let q = 69 - 49. What is the greatest common factor of j and q?
4
Let t(u) = u**2 - 11. Let o be t(4). Suppose -79 = -3*h + 2*k - k, 4*k - 160 = -o*h. What is the highest common factor of h and 4?
4
Suppose 2*a - 2*b + 14 = 10, -4*a + b + 7 = 0. Calculate the highest common divisor of a and 198.
3
Let d be (1 - 2*1) + 9. Let w be (1 - 21)/(25/(-10)). Calculate the greatest common factor of d and w.
8
Let m(s) = 2 - 5*s + 12*s - 27 + 3*s. Let l be m(7). Let f = -40 - -70. Calculate the highest common factor of l and f.
15
Let b(x) = -106*x - 3. Let n be b(-2). Let z(j) = -4*j - 89. Let t be z(-27). What is the highest co